{"id":9106,"date":"2019-10-18T09:04:00","date_gmt":"2019-10-18T09:04:00","guid":{"rendered":"https:\/\/pravri.uniri.hr\/?post_type=dogadjanja&#038;p=9106"},"modified":"2025-01-27T10:32:10","modified_gmt":"2025-01-27T10:32:10","slug":"the-6th-petar-sarcevic-international-scientific-conference-intellectual-property-rights-in-the-eu-towards-digitalization","status":"publish","type":"dogadjanja","link":"https:\/\/pravri.uniri.hr\/en\/dogadjanja\/the-6th-petar-sarcevic-international-scientific-conference-intellectual-property-rights-in-the-eu-towards-digitalization\/","title":{"rendered":"The 6th Petar \u0160ar\u010devi\u0107 International Scientific Conference: &#8220;Intellectual Property Rights in the EU: Towards Digitalization.&#8221;"},"content":{"rendered":"\n<p>The 6th Petar \u0160ar\u010devi\u0107 International Scientific Conference is titled Intellectual Property Law in the EU: Towards Digitalization. The conference is dedicated to exploring issues related to intellectual property rights within the EU&#8217;s single digital market, addressing the frequent developments driven by legislative and judicial activities.<\/p>\n\n\n\n<p>Conference program available <a href=\"https:\/\/ps6konferencija.law.hr\/programme\/\">here<\/a>.<\/p>\n\n\n\n<p><a href=\"https:\/\/ps6konferencija.law.hr\/\">Web stranica<\/a><\/p>\n\n\n\n<p><\/p>\n","protected":false},"featured_media":0,"template":"","kategorije_dogadjanja":[181,186],"lokacije_dogadjanja":[],"class_list":["post-9106","dogadjanja","type-dogadjanja","status-publish","hentry","kategorije_dogadjanja-conference-series-petar-sarcevic","kategorije_dogadjanja-scientific-conferences-and-events"],"acf":[],"_links":{"self":[{"href":"https:\/\/pravri.uniri.hr\/en\/wp-json\/wp\/v2\/dogadjanja\/9106","targetHints":{"allow":["GET"]}}],"collection":[{"href":"https:\/\/pravri.uniri.hr\/en\/wp-json\/wp\/v2\/dogadjanja"}],"about":[{"href":"https:\/\/pravri.uniri.hr\/en\/wp-json\/wp\/v2\/types\/dogadjanja"}],"wp:attachment":[{"href":"https:\/\/pravri.uniri.hr\/en\/wp-json\/wp\/v2\/media?parent=9106"}],"wp:term":[{"taxonomy":"kategorije_dogadjanja","embeddable":true,"href":"https:\/\/pravri.uniri.hr\/en\/wp-json\/wp\/v2\/kategorije_dogadjanja?post=9106"},{"taxonomy":"lokacije_dogadjanja","embeddable":true,"href":"https:\/\/pravri.uniri.hr\/en\/wp-json\/wp\/v2\/lokacije_dogadjanja?post=9106"}],"curies":[{"name":"wp","href":"https:\/\/api.w.org\/{rel}","templated":true}]}}

The 6th Petar Šarčević International Scientific Conference: &#8220;Intellectual Property Rights in the EU: Towards Digitalization.&#8221;

<p>The 6th Petar Šarčević International Scientific Conference is titled Intellectual Property Law in the EU: Towards Digitalization. The conference is dedicated to exploring issues related to intellectual property rights within the EU&#8217;s single digital market, addressing the frequent developments driven by legislative and judicial activities.</p>



<p>Conference program available <a href="https://ps6konferencija.law.hr/programme/">here</a>.</p>



<p><a href="https://ps6konferencija.law.hr/">Web stranica</a></p>



<p></p>
