{"id":9137,"date":"2009-11-13T09:24:00","date_gmt":"2009-11-13T09:24:00","guid":{"rendered":"https:\/\/pravri.uniri.hr\/?post_type=dogadjanja&#038;p=9137"},"modified":"2025-01-27T11:01:49","modified_gmt":"2025-01-27T11:01:49","slug":"the-1st-petar-sarcevic-international-scientific-conference-the-brussels-i-regulation-challenges-for-the-croatian-judiciary","status":"publish","type":"dogadjanja","link":"https:\/\/pravri.uniri.hr\/en\/dogadjanja\/the-1st-petar-sarcevic-international-scientific-conference-the-brussels-i-regulation-challenges-for-the-croatian-judiciary\/","title":{"rendered":"The 1st Petar \u0160ar\u010devi\u0107 International Scientific Conference: &#8220;The Brussels I Regulation: Challenges for the Croatian Judiciary&#8221;"},"content":{"rendered":"\n<p>The inaugural Petar \u0160ar\u010devi\u0107 International Scientific Conference, titled &#8220;The Brussels I Regulation: Challenges for the Croatian Judiciary,&#8221; took place in Opatija on November 13\u201314, 2009.<\/p>\n\n\n\n<p>The program is available for download <a href=\"http:\/\/www.pravri.uniri.hr\/files\/savjetovanja\/Program.pdf\">here<\/a>.<\/p>\n","protected":false},"featured_media":0,"template":"","kategorije_dogadjanja":[181,186],"lokacije_dogadjanja":[],"class_list":["post-9137","dogadjanja","type-dogadjanja","status-publish","hentry","kategorije_dogadjanja-conference-series-petar-sarcevic","kategorije_dogadjanja-scientific-conferences-and-events"],"acf":[],"_links":{"self":[{"href":"https:\/\/pravri.uniri.hr\/en\/wp-json\/wp\/v2\/dogadjanja\/9137","targetHints":{"allow":["GET"]}}],"collection":[{"href":"https:\/\/pravri.uniri.hr\/en\/wp-json\/wp\/v2\/dogadjanja"}],"about":[{"href":"https:\/\/pravri.uniri.hr\/en\/wp-json\/wp\/v2\/types\/dogadjanja"}],"wp:attachment":[{"href":"https:\/\/pravri.uniri.hr\/en\/wp-json\/wp\/v2\/media?parent=9137"}],"wp:term":[{"taxonomy":"kategorije_dogadjanja","embeddable":true,"href":"https:\/\/pravri.uniri.hr\/en\/wp-json\/wp\/v2\/kategorije_dogadjanja?post=9137"},{"taxonomy":"lokacije_dogadjanja","embeddable":true,"href":"https:\/\/pravri.uniri.hr\/en\/wp-json\/wp\/v2\/lokacije_dogadjanja?post=9137"}],"curies":[{"name":"wp","href":"https:\/\/api.w.org\/{rel}","templated":true}]}}

The 1st Petar Šarčević International Scientific Conference: &#8220;The Brussels I Regulation: Challenges for the Croatian Judiciary&#8221;

<p>The inaugural Petar Šarčević International Scientific Conference, titled &#8220;The Brussels I Regulation: Challenges for the Croatian Judiciary,&#8221; took place in Opatija on November 13–14, 2009.</p>



<p>The program is available for download <a href="http://www.pravri.uniri.hr/files/savjetovanja/Program.pdf">here</a>.</p>
