{"id":8499,"date":"2024-06-20T09:02:51","date_gmt":"2024-06-20T09:02:51","guid":{"rendered":"https:\/\/pravri.uniri.hr\/?page_id=8499"},"modified":"2025-01-27T09:28:54","modified_gmt":"2025-01-27T09:28:54","slug":"conference-series-petar-sarcevic","status":"publish","type":"page","link":"https:\/\/pravri.uniri.hr\/en\/science-and-research\/conferences-and-events\/conference-series-petar-sarcevic\/","title":{"rendered":"Conference Series &#8220;Petar \u0160ar\u010devi\u0107&#8221;"},"content":{"rendered":"\n<div class=\"wp-block-query UNIRI-query-loop-block no-title is-layout-flow wp-block-query-is-layout-flow\"><ul class=\"wp-block-post-template is-layout-flow wp-block-post-template-is-layout-flow\"><li class=\"wp-block-post post-12955 dogadjanja type-dogadjanja status-publish has-post-thumbnail hentry kategorije_dogadjanja-conference kategorije_dogadjanja-conference-series-petar-sarcevic kategorije_dogadjanja-scientific-conferences-and-events lokacije_dogadjanja-faculty-of-law\">\n<h2 class=\"wp-block-post-title\"><a href=\"https:\/\/pravri.uniri.hr\/en\/dogadjanja\/9th-international-scientific-conference-petar-sarcevic-automated-vehicles-at-the-crossroads-law-policy-and-deployment-in-transition\/\" target=\"_self\" >9th International Scientific Conference Petar \u0160ar\u010devi\u0107 &#8220;Automated Vehicles at the Crossroads: Law, Policy and Deployment in Transition&#8221;<\/a><\/h2>\n\n<div class=\"wp-block-post-excerpt\"><p class=\"wp-block-post-excerpt__excerpt\">The 9th International Scientific Conference Petar \u0160ar\u010devi\u0107 &#8220;Automated Vehicles at the Crossroads: Law, Policy and Deployment in Transition&#8221; will be held on 13 and 14 November 2025 at the Faculty of Law in Rijeka, with the aim of discussing the latest developments in the area of automated (and autonomous) vehicles and related legal and regulatory&hellip;<\/p><p class=\"wp-block-post-excerpt__more-text\"><a class=\"wp-block-post-excerpt__more-link\" href=\"https:\/\/pravri.uniri.hr\/en\/dogadjanja\/9th-international-scientific-conference-petar-sarcevic-automated-vehicles-at-the-crossroads-law-policy-and-deployment-in-transition\/\">Pro\u010ditaj vi\u0161e<\/a><\/p><\/div>\n<\/li><li class=\"wp-block-post post-9104 dogadjanja type-dogadjanja status-publish hentry kategorije_dogadjanja-conference-series-petar-sarcevic kategorije_dogadjanja-scientific-conferences-and-events\">\n<h2 class=\"wp-block-post-title\"><a href=\"https:\/\/pravri.uniri.hr\/en\/dogadjanja\/8th-international-scientific-conference-petar-sarcevic\/\" target=\"_self\" >8th International Scientific Conference Petar \u0160ar\u010devi\u0107<\/a><\/h2>\n\n<div class=\"wp-block-post-excerpt\"><p class=\"wp-block-post-excerpt__excerpt\">The 8th edition of the International Scientific Conference is dedicated to the theme of law and the regulation of cultural heritage. Domestic and international experts will discuss the legal aspects of tangible and intangible heritage, as well as looted artworks.<\/p><p class=\"wp-block-post-excerpt__more-text\"><a class=\"wp-block-post-excerpt__more-link\" href=\"https:\/\/pravri.uniri.hr\/en\/dogadjanja\/8th-international-scientific-conference-petar-sarcevic\/\">Pro\u010ditaj vi\u0161e<\/a><\/p><\/div>\n<\/li><li class=\"wp-block-post post-9105 dogadjanja type-dogadjanja status-publish hentry kategorije_dogadjanja-conference-series-petar-sarcevic kategorije_dogadjanja-scientific-conferences-and-events\">\n<h2 class=\"wp-block-post-title\"><a href=\"https:\/\/pravri.uniri.hr\/en\/dogadjanja\/the-7th-international-scientific-conference-petar-sarcevic-consumer-protection-in-transition-digital-transformation-and-enhanced-enforcement\/\" target=\"_self\" >The 7th International Scientific Conference Petar \u0160ar\u010devi\u0107: Consumer Protection in Transition \u2013 Digital Transformation and Enhanced Enforcement.<\/a><\/h2>\n\n<div class=\"wp-block-post-excerpt\"><p class=\"wp-block-post-excerpt__excerpt\">The Petar \u0160ar\u010devi\u0107 International Scientific Conference is organized biennially in honor of the esteemed jurist and scholar, Prof. Dr. Petar \u0160ar\u010devi\u0107, co-founder of the Yearbook of Private International Law. Speakers and participants of the conference are renowned legal experts, judges, and Advocates General of the Court of Justice of the European Union, as well as&hellip;<\/p><p class=\"wp-block-post-excerpt__more-text\"><a class=\"wp-block-post-excerpt__more-link\" href=\"https:\/\/pravri.uniri.hr\/en\/dogadjanja\/the-7th-international-scientific-conference-petar-sarcevic-consumer-protection-in-transition-digital-transformation-and-enhanced-enforcement\/\">Pro\u010ditaj vi\u0161e<\/a><\/p><\/div>\n<\/li><li class=\"wp-block-post post-9106 dogadjanja type-dogadjanja status-publish hentry kategorije_dogadjanja-conference-series-petar-sarcevic kategorije_dogadjanja-scientific-conferences-and-events\">\n<h2 class=\"wp-block-post-title\"><a href=\"https:\/\/pravri.uniri.hr\/en\/dogadjanja\/the-6th-petar-sarcevic-international-scientific-conference-intellectual-property-rights-in-the-eu-towards-digitalization\/\" target=\"_self\" >The 6th Petar \u0160ar\u010devi\u0107 International Scientific Conference: &#8220;Intellectual Property Rights in the EU: Towards Digitalization.&#8221;<\/a><\/h2>\n\n<div class=\"wp-block-post-excerpt\"><p class=\"wp-block-post-excerpt__excerpt\">The 6th Petar \u0160ar\u010devi\u0107 International Scientific Conference is titled Intellectual Property Law in the EU: Towards Digitalization. The conference is dedicated to exploring issues related to intellectual property rights within the EU&#8217;s single digital market, addressing the frequent developments driven by legislative and judicial activities. Conference program available here. Web stranica<\/p><p class=\"wp-block-post-excerpt__more-text\"><a class=\"wp-block-post-excerpt__more-link\" href=\"https:\/\/pravri.uniri.hr\/en\/dogadjanja\/the-6th-petar-sarcevic-international-scientific-conference-intellectual-property-rights-in-the-eu-towards-digitalization\/\">Pro\u010ditaj vi\u0161e<\/a><\/p><\/div>\n<\/li><li class=\"wp-block-post post-9113 dogadjanja type-dogadjanja status-publish hentry kategorije_dogadjanja-conference-series-petar-sarcevic kategorije_dogadjanja-scientific-conferences-and-events\">\n<h2 class=\"wp-block-post-title\"><a href=\"https:\/\/pravri.uniri.hr\/en\/dogadjanja\/the-5th-petar-sarcevic-international-scientific-conference-information-and-data-a-glimpse-into-the-future\/\" target=\"_self\" >The 5th Petar \u0160ar\u010devi\u0107 International Scientific Conference: &#8220;Information and Data: A Glimpse into the Future&#8221;<\/a><\/h2>\n\n<div class=\"wp-block-post-excerpt\"><p class=\"wp-block-post-excerpt__excerpt\">This two-day event is dedicated to issues surrounding the protection of confidential information, trade secrets, and personal data in the context of technological advancement and the resulting economic and societal developments. These topics are critical for both those whose information and data are at stake and for entities that collect or use such data. Considering&hellip;<\/p><p class=\"wp-block-post-excerpt__more-text\"><a class=\"wp-block-post-excerpt__more-link\" href=\"https:\/\/pravri.uniri.hr\/en\/dogadjanja\/the-5th-petar-sarcevic-international-scientific-conference-information-and-data-a-glimpse-into-the-future\/\">Pro\u010ditaj vi\u0161e<\/a><\/p><\/div>\n<\/li><li class=\"wp-block-post post-9117 dogadjanja type-dogadjanja status-publish hentry kategorije_dogadjanja-conference-series-petar-sarcevic kategorije_dogadjanja-scientific-conferences-and-events\">\n<h2 class=\"wp-block-post-title\"><a href=\"https:\/\/pravri.uniri.hr\/en\/dogadjanja\/the-4th-petar-sarcevic-international-scientific-conference-eu-competition-and-state-aid-rules-public-and-private-enforcement\/\" target=\"_self\" >The 4th Petar \u0160ar\u010devi\u0107 International Scientific Conference: &#8220;EU Competition and State Aid Rules: Public and Private Enforcement&#8221;<\/a><\/h2>\n\n<div class=\"wp-block-post-excerpt\"><p class=\"wp-block-post-excerpt__excerpt\">The 4th Petar \u0160ar\u010devi\u0107 International Scientific Conference, held on April 9\u201310, 2015, in Rovinj, focused on competition and state aid rules at both the national and European Union levels. The effective enforcement of these rules is a fundamental prerequisite for economic growth and the stability of the EU\u2019s internal market. While the EU State Aid&hellip;<\/p><p class=\"wp-block-post-excerpt__more-text\"><a class=\"wp-block-post-excerpt__more-link\" href=\"https:\/\/pravri.uniri.hr\/en\/dogadjanja\/the-4th-petar-sarcevic-international-scientific-conference-eu-competition-and-state-aid-rules-public-and-private-enforcement\/\">Pro\u010ditaj vi\u0161e<\/a><\/p><\/div>\n<\/li><\/ul>\n\n<nav class=\"wp-block-query-pagination is-layout-flex wp-block-query-pagination-is-layout-flex\" aria-label=\"Pagination\">\n\n\n<div class=\"wp-block-query-pagination-numbers\"><span aria-current=\"page\" class=\"page-numbers current\">1<\/span>\n<a class=\"page-numbers\" href=\"?query-9-page=2\">2<\/a><\/div>\n\n<a href=\"\/en\/wp-json\/wp\/v2\/pages\/8499?query-9-page=2\" class=\"wp-block-query-pagination-next\">\u00bb<\/a>\n<\/nav><\/div>\n\n\n\n<p><\/p>\n","protected":false},"excerpt":{"rendered":"","protected":false},"author":4,"featured_media":7423,"parent":8495,"menu_order":2,"comment_status":"closed","ping_status":"closed","template":"","meta":{"_acf_changed":false,"ub_ctt_via":"","footnotes":""},"class_list":["post-8499","page","type-page","status-publish","has-post-thumbnail","hentry"],"acf":[],"featured_image_src":"https:\/\/pravri.uniri.hr\/wp-content\/uploads\/2024\/09\/znanost-i-istrazivanje.jpg","_links":{"self":[{"href":"https:\/\/pravri.uniri.hr\/en\/wp-json\/wp\/v2\/pages\/8499","targetHints":{"allow":["GET"]}}],"collection":[{"href":"https:\/\/pravri.uniri.hr\/en\/wp-json\/wp\/v2\/pages"}],"about":[{"href":"https:\/\/pravri.uniri.hr\/en\/wp-json\/wp\/v2\/types\/page"}],"author":[{"embeddable":true,"href":"https:\/\/pravri.uniri.hr\/en\/wp-json\/wp\/v2\/users\/4"}],"replies":[{"embeddable":true,"href":"https:\/\/pravri.uniri.hr\/en\/wp-json\/wp\/v2\/comments?post=8499"}],"version-history":[{"count":2,"href":"https:\/\/pravri.uniri.hr\/en\/wp-json\/wp\/v2\/pages\/8499\/revisions"}],"predecessor-version":[{"id":9076,"href":"https:\/\/pravri.uniri.hr\/en\/wp-json\/wp\/v2\/pages\/8499\/revisions\/9076"}],"up":[{"embeddable":true,"href":"https:\/\/pravri.uniri.hr\/en\/wp-json\/wp\/v2\/pages\/8495"}],"wp:featuredmedia":[{"embeddable":true,"href":"https:\/\/pravri.uniri.hr\/en\/wp-json\/wp\/v2\/media\/7423"}],"wp:attachment":[{"href":"https:\/\/pravri.uniri.hr\/en\/wp-json\/wp\/v2\/media?parent=8499"}],"curies":[{"name":"wp","href":"https:\/\/api.w.org\/{rel}","templated":true}]}}

Conference Series &#8220;Petar Šarčević&#8221;

<div class="wp-block-query UNIRI-query-loop-block no-title is-layout-flow wp-block-query-is-layout-flow"><ul class="wp-block-post-template is-layout-flow wp-block-post-template-is-layout-flow"><li class="wp-block-post post-12955 dogadjanja type-dogadjanja status-publish has-post-thumbnail hentry kategorije_dogadjanja-conference kategorije_dogadjanja-conference-series-petar-sarcevic kategorije_dogadjanja-scientific-conferences-and-events lokacije_dogadjanja-faculty-of-law">
<h2 class="wp-block-post-title"><a href="https://pravri.uniri.hr/en/dogadjanja/9th-international-scientific-conference-petar-sarcevic-automated-vehicles-at-the-crossroads-law-policy-and-deployment-in-transition/" target="_self" >9th International Scientific Conference Petar Šarčević &#8220;Automated Vehicles at the Crossroads: Law, Policy and Deployment in Transition&#8221;</a></h2>

<div class="wp-block-post-excerpt"><p class="wp-block-post-excerpt__excerpt">The 9th International Scientific Conference Petar Šarčević &#8220;Automated Vehicles at the Crossroads: Law, Policy and Deployment in Transition&#8221; will be held on 13 and 14 November 2025 at the Faculty of Law in Rijeka, with the aim of discussing the latest developments in the area of automated (and autonomous) vehicles and related legal and regulatory&hellip;</p><p class="wp-block-post-excerpt__more-text"><a class="wp-block-post-excerpt__more-link" href="https://pravri.uniri.hr/en/dogadjanja/9th-international-scientific-conference-petar-sarcevic-automated-vehicles-at-the-crossroads-law-policy-and-deployment-in-transition/">Pročitaj više</a></p></div>
</li><li class="wp-block-post post-9104 dogadjanja type-dogadjanja status-publish hentry kategorije_dogadjanja-conference-series-petar-sarcevic kategorije_dogadjanja-scientific-conferences-and-events">
<h2 class="wp-block-post-title"><a href="https://pravri.uniri.hr/en/dogadjanja/8th-international-scientific-conference-petar-sarcevic/" target="_self" >8th International Scientific Conference Petar Šarčević</a></h2>

<div class="wp-block-post-excerpt"><p class="wp-block-post-excerpt__excerpt">The 8th edition of the International Scientific Conference is dedicated to the theme of law and the regulation of cultural heritage. Domestic and international experts will discuss the legal aspects of tangible and intangible heritage, as well as looted artworks.</p><p class="wp-block-post-excerpt__more-text"><a class="wp-block-post-excerpt__more-link" href="https://pravri.uniri.hr/en/dogadjanja/8th-international-scientific-conference-petar-sarcevic/">Pročitaj više</a></p></div>
</li><li class="wp-block-post post-9105 dogadjanja type-dogadjanja status-publish hentry kategorije_dogadjanja-conference-series-petar-sarcevic kategorije_dogadjanja-scientific-conferences-and-events">
<h2 class="wp-block-post-title"><a href="https://pravri.uniri.hr/en/dogadjanja/the-7th-international-scientific-conference-petar-sarcevic-consumer-protection-in-transition-digital-transformation-and-enhanced-enforcement/" target="_self" >The 7th International Scientific Conference Petar Šarčević: Consumer Protection in Transition – Digital Transformation and Enhanced Enforcement.</a></h2>

<div class="wp-block-post-excerpt"><p class="wp-block-post-excerpt__excerpt">The Petar Šarčević International Scientific Conference is organized biennially in honor of the esteemed jurist and scholar, Prof. Dr. Petar Šarčević, co-founder of the Yearbook of Private International Law. Speakers and participants of the conference are renowned legal experts, judges, and Advocates General of the Court of Justice of the European Union, as well as&hellip;</p><p class="wp-block-post-excerpt__more-text"><a class="wp-block-post-excerpt__more-link" href="https://pravri.uniri.hr/en/dogadjanja/the-7th-international-scientific-conference-petar-sarcevic-consumer-protection-in-transition-digital-transformation-and-enhanced-enforcement/">Pročitaj više</a></p></div>
</li><li class="wp-block-post post-9106 dogadjanja type-dogadjanja status-publish hentry kategorije_dogadjanja-conference-series-petar-sarcevic kategorije_dogadjanja-scientific-conferences-and-events">
<h2 class="wp-block-post-title"><a href="https://pravri.uniri.hr/en/dogadjanja/the-6th-petar-sarcevic-international-scientific-conference-intellectual-property-rights-in-the-eu-towards-digitalization/" target="_self" >The 6th Petar Šarčević International Scientific Conference: &#8220;Intellectual Property Rights in the EU: Towards Digitalization.&#8221;</a></h2>

<div class="wp-block-post-excerpt"><p class="wp-block-post-excerpt__excerpt">The 6th Petar Šarčević International Scientific Conference is titled Intellectual Property Law in the EU: Towards Digitalization. The conference is dedicated to exploring issues related to intellectual property rights within the EU&#8217;s single digital market, addressing the frequent developments driven by legislative and judicial activities. Conference program available here. Web stranica</p><p class="wp-block-post-excerpt__more-text"><a class="wp-block-post-excerpt__more-link" href="https://pravri.uniri.hr/en/dogadjanja/the-6th-petar-sarcevic-international-scientific-conference-intellectual-property-rights-in-the-eu-towards-digitalization/">Pročitaj više</a></p></div>
</li><li class="wp-block-post post-9113 dogadjanja type-dogadjanja status-publish hentry kategorije_dogadjanja-conference-series-petar-sarcevic kategorije_dogadjanja-scientific-conferences-and-events">
<h2 class="wp-block-post-title"><a href="https://pravri.uniri.hr/en/dogadjanja/the-5th-petar-sarcevic-international-scientific-conference-information-and-data-a-glimpse-into-the-future/" target="_self" >The 5th Petar Šarčević International Scientific Conference: &#8220;Information and Data: A Glimpse into the Future&#8221;</a></h2>

<div class="wp-block-post-excerpt"><p class="wp-block-post-excerpt__excerpt">This two-day event is dedicated to issues surrounding the protection of confidential information, trade secrets, and personal data in the context of technological advancement and the resulting economic and societal developments. These topics are critical for both those whose information and data are at stake and for entities that collect or use such data. Considering&hellip;</p><p class="wp-block-post-excerpt__more-text"><a class="wp-block-post-excerpt__more-link" href="https://pravri.uniri.hr/en/dogadjanja/the-5th-petar-sarcevic-international-scientific-conference-information-and-data-a-glimpse-into-the-future/">Pročitaj više</a></p></div>
</li><li class="wp-block-post post-9117 dogadjanja type-dogadjanja status-publish hentry kategorije_dogadjanja-conference-series-petar-sarcevic kategorije_dogadjanja-scientific-conferences-and-events">
<h2 class="wp-block-post-title"><a href="https://pravri.uniri.hr/en/dogadjanja/the-4th-petar-sarcevic-international-scientific-conference-eu-competition-and-state-aid-rules-public-and-private-enforcement/" target="_self" >The 4th Petar Šarčević International Scientific Conference: &#8220;EU Competition and State Aid Rules: Public and Private Enforcement&#8221;</a></h2>

<div class="wp-block-post-excerpt"><p class="wp-block-post-excerpt__excerpt">The 4th Petar Šarčević International Scientific Conference, held on April 9–10, 2015, in Rovinj, focused on competition and state aid rules at both the national and European Union levels. The effective enforcement of these rules is a fundamental prerequisite for economic growth and the stability of the EU’s internal market. While the EU State Aid&hellip;</p><p class="wp-block-post-excerpt__more-text"><a class="wp-block-post-excerpt__more-link" href="https://pravri.uniri.hr/en/dogadjanja/the-4th-petar-sarcevic-international-scientific-conference-eu-competition-and-state-aid-rules-public-and-private-enforcement/">Pročitaj više</a></p></div>
</li></ul>

<nav class="wp-block-query-pagination is-layout-flex wp-block-query-pagination-is-layout-flex" aria-label="Pagination">


<div class="wp-block-query-pagination-numbers"><span aria-current="page" class="page-numbers current">1</span>
<a class="page-numbers" href="?query-9-page=2">2</a></div>

<a href="/en/wp-json/wp/v2/pages/8499?query-9-page=2" class="wp-block-query-pagination-next">»</a>
</nav></div>



<p></p>
